{"id":541,"date":"2017-04-18T19:21:49","date_gmt":"2017-04-18T17:21:49","guid":{"rendered":"http:\/\/www.powerfit-brigglis.ch\/?page_id=541"},"modified":"2021-06-25T23:02:21","modified_gmt":"2021-06-25T21:02:21","slug":"shaolin-qigong","status":"publish","type":"page","link":"https:\/\/www.powerfit-brigglis.ch\/?page_id=541","title":{"rendered":"Shaolin QiGong"},"content":{"rendered":"<p>&nbsp;<\/p>\n<p><span style=\"font-family: verdana, geneva, sans-serif; font-size: 12pt;\"><strong><span style=\"color: #000000;\">Shaolin QiGong \u2013 Energie in Bewegung<\/span><\/strong><\/span><\/p>\n<p><span style=\"font-family: verdana, geneva, sans-serif; font-size: 12pt; color: #000000;\">W\u00f6rtlich \u00fcbersetzt bedeutet Qi Gong \u00abArbeit am Qi\u00bb und bezeichnet alle \u00dcbungen, mit denen der Mensch seine Lebensenergie \u00abQi\u00bb selbst beeinflussen kann.<\/span><\/p>\n<p><span style=\"font-family: verdana, geneva, sans-serif; font-size: 12pt; color: #000000;\">Alle \u00dcbungen steigern die Vitalit\u00e4t und die Kreativit\u00e4t. Dies f\u00fchrt zu einer Verbesserung der gesundheitlichen Konstitution.<\/span><br \/>\n<span style=\"font-family: verdana, geneva, sans-serif; font-size: 12pt; color: #000000;\">Bewusste Atemf\u00fchrung und K\u00f6rperhaltung geh\u00f6ren zu den \u00dcbungen aus sanften und langsamen Bewegungen.<\/span><br \/>\n<span style=\"font-family: verdana, geneva, sans-serif; font-size: 12pt; color: #000000;\">Durch meditative Konzentration und Gedankenkraft wird die Energie im K\u00f6rper geleitet und die Energiespeicher mit frischer Energie gef\u00fcllt.<\/span><\/p>\n<p><span style=\"font-family: verdana, geneva, sans-serif; font-size: 12pt; color: #000000;\">Die Qi Gong Meister Chinas sagen, dass jeder Mensch mit einer bestimmten Menge an Lebensenergie geboren wird. Stress, Krankheiten und Verletzungen k\u00f6nnen die Energie eines Menschen ersch\u00f6pfen.<\/span><\/p>\n<p><span style=\"font-family: verdana, geneva, sans-serif; font-size: 12pt; color: #000000;\">\u201eQi Gong ist eine bew\u00e4hrte Technik um die Energie wieder aufzubauen, f\u00f6rdert die Konzentration und die Innere Ruhe\u201c.<\/span><\/p>\n<p>&nbsp;<\/p>\n<p><span style=\"font-family: verdana, geneva, sans-serif; font-size: 12pt;\"><a href=\"https:\/\/www.powerfit-brigglis.ch\/wp-content\/uploads\/2018\/04\/IMG-20180409-WA0011_2.jpg\"><img loading=\"lazy\" decoding=\"async\" class=\"size-full wp-image-604 aligncenter\" src=\"https:\/\/www.powerfit-brigglis.ch\/wp-content\/uploads\/2018\/04\/IMG-20180409-WA0011_2.jpg\" alt=\"\" width=\"862\" height=\"568\" srcset=\"https:\/\/www.powerfit-brigglis.ch\/wp-content\/uploads\/2018\/04\/IMG-20180409-WA0011_2.jpg 862w, https:\/\/www.powerfit-brigglis.ch\/wp-content\/uploads\/2018\/04\/IMG-20180409-WA0011_2-300x198.jpg 300w, https:\/\/www.powerfit-brigglis.ch\/wp-content\/uploads\/2018\/04\/IMG-20180409-WA0011_2-768x506.jpg 768w, https:\/\/www.powerfit-brigglis.ch\/wp-content\/uploads\/2018\/04\/IMG-20180409-WA0011_2-531x350.jpg 531w\" sizes=\"auto, (max-width: 862px) 100vw, 862px\" \/><\/a><\/span><\/p>\n","protected":false},"excerpt":{"rendered":"<p>&nbsp; Shaolin QiGong \u2013 Energie in Bewegung W\u00f6rtlich \u00fcbersetzt bedeutet Qi Gong \u00abArbeit am Qi\u00bb und bezeichnet alle \u00dcbungen, mit<\/p>\n","protected":false},"author":1,"featured_media":0,"parent":0,"menu_order":0,"comment_status":"closed","ping_status":"closed","template":"","meta":{"footnotes":""},"class_list":["post-541","page","type-page","status-publish","hentry"],"_links":{"self":[{"href":"https:\/\/www.powerfit-brigglis.ch\/index.php?rest_route=\/wp\/v2\/pages\/541","targetHints":{"allow":["GET"]}}],"collection":[{"href":"https:\/\/www.powerfit-brigglis.ch\/index.php?rest_route=\/wp\/v2\/pages"}],"about":[{"href":"https:\/\/www.powerfit-brigglis.ch\/index.php?rest_route=\/wp\/v2\/types\/page"}],"author":[{"embeddable":true,"href":"https:\/\/www.powerfit-brigglis.ch\/index.php?rest_route=\/wp\/v2\/users\/1"}],"replies":[{"embeddable":true,"href":"https:\/\/www.powerfit-brigglis.ch\/index.php?rest_route=%2Fwp%2Fv2%2Fcomments&post=541"}],"version-history":[{"count":10,"href":"https:\/\/www.powerfit-brigglis.ch\/index.php?rest_route=\/wp\/v2\/pages\/541\/revisions"}],"predecessor-version":[{"id":757,"href":"https:\/\/www.powerfit-brigglis.ch\/index.php?rest_route=\/wp\/v2\/pages\/541\/revisions\/757"}],"wp:attachment":[{"href":"https:\/\/www.powerfit-brigglis.ch\/index.php?rest_route=%2Fwp%2Fv2%2Fmedia&parent=541"}],"curies":[{"name":"wp","href":"https:\/\/api.w.org\/{rel}","templated":true}]}}